{"id":1410,"date":"2024-02-23T12:11:43","date_gmt":"2024-02-23T15:11:43","guid":{"rendered":"https:\/\/aligera.com.br\/novo\/?page_id=1410"},"modified":"2024-03-25T10:05:29","modified_gmt":"2024-03-25T13:05:29","slug":"politica-de-qualidade-e-escopo-do-sistema-de-gestao","status":"publish","type":"page","link":"https:\/\/aligera.com.br\/novo\/politica-de-qualidade-e-escopo-do-sistema-de-gestao\/","title":{"rendered":"Pol\u00edtica de Qualidade e Escopo do Sistema de Gest\u00e3o"},"content":{"rendered":"\n<style type=\"text\/css\" data-created_by=\"avia_inline_auto\" id=\"style-css-av-lsj7x9yi-1ae10f62a6b0b6f27c8a615a15a600da\">\n.avia-section.av-lsj7x9yi-1ae10f62a6b0b6f27c8a615a15a600da{\nbackground-color:#e1ecf9;\nbackground-image:unset;\n}\n<\/style>\n<div id='av_section_1'  class='avia-section av-lsj7x9yi-1ae10f62a6b0b6f27c8a615a15a600da main_color avia-section-default avia-no-border-styling  avia-builder-el-0  avia-builder-el-no-sibling  avia-bg-style-scroll container_wrap fullsize'  ><div class='container av-section-cont-open' ><main  role=\"main\" itemprop=\"mainContentOfPage\"  class='template-page content  av-content-full alpha units'><div class='post-entry post-entry-type-page post-entry-1410'><div class='entry-content-wrapper clearfix'>\n<div  class='flex_column av-ewbtq-13d8b80ac3a939f4da31236d5e67759c av_one_half  avia-builder-el-1  el_before_av_one_half  avia-builder-el-first  first flex_column_div  '     ><style type=\"text\/css\" data-created_by=\"avia_inline_auto\" id=\"style-css-av-lsna68vv-280caa92f7473d8c876a1ec7a5322508\">\n#top .av_textblock_section.av-lsna68vv-280caa92f7473d8c876a1ec7a5322508 .avia_textblock{\ntext-align:justify;\n}\n<\/style>\n<section  class='av_textblock_section av-lsna68vv-280caa92f7473d8c876a1ec7a5322508 '   itemscope=\"itemscope\" itemtype=\"https:\/\/schema.org\/CreativeWork\" ><div class='avia_textblock'  itemprop=\"text\" ><p><strong>POL\u00cdTICA DA QUALIDADE<\/strong><\/p>\n<p>Satisfazer os seus clientes atrav\u00e9s de um atendimento diferenciado, de solu\u00e7\u00f5es em telecomunica\u00e7\u00f5es, com produtos que atendam \u00e0s suas necessidades e expectativas, devidamente homologados pelo \u00f3rg\u00e3o competente;<br \/>\nDesenvolver um ambiente de trabalho que vise o bem-estar e a qualidade de vida para todos os colaboradores;<br \/>\nBuscar o aprimoramento tecnol\u00f3gico e a melhoria cont\u00ednua, com resultados financeiros que permitam a perpetua\u00e7\u00e3o e crescimento do neg\u00f3cio.<\/p>\n<p><strong>ESCOPO DO SISTEMA DE GEST\u00c3O<\/strong><\/p>\n<p>Desenvolvimento, industrializa\u00e7\u00e3o e comercializa\u00e7\u00e3o de equipamentos eletr\u00f4nicos para rede de voz e dados no mercado de telecomunica\u00e7\u00f5es.<\/p>\n<\/div><\/section><\/div><div  class='flex_column av-9g6gi-74f91b5154e8483fc1864aa7c8fc105d av_one_half  avia-builder-el-3  el_after_av_one_half  avia-builder-el-last  flex_column_div  '     ><\/div>\n","protected":false},"excerpt":{"rendered":"","protected":false},"author":1,"featured_media":0,"parent":0,"menu_order":0,"comment_status":"closed","ping_status":"closed","template":"","meta":{"footnotes":""},"class_list":["post-1410","page","type-page","status-publish","hentry"],"_links":{"self":[{"href":"https:\/\/aligera.com.br\/novo\/wp-json\/wp\/v2\/pages\/1410","targetHints":{"allow":["GET"]}}],"collection":[{"href":"https:\/\/aligera.com.br\/novo\/wp-json\/wp\/v2\/pages"}],"about":[{"href":"https:\/\/aligera.com.br\/novo\/wp-json\/wp\/v2\/types\/page"}],"author":[{"embeddable":true,"href":"https:\/\/aligera.com.br\/novo\/wp-json\/wp\/v2\/users\/1"}],"replies":[{"embeddable":true,"href":"https:\/\/aligera.com.br\/novo\/wp-json\/wp\/v2\/comments?post=1410"}],"version-history":[{"count":4,"href":"https:\/\/aligera.com.br\/novo\/wp-json\/wp\/v2\/pages\/1410\/revisions"}],"predecessor-version":[{"id":1817,"href":"https:\/\/aligera.com.br\/novo\/wp-json\/wp\/v2\/pages\/1410\/revisions\/1817"}],"wp:attachment":[{"href":"https:\/\/aligera.com.br\/novo\/wp-json\/wp\/v2\/media?parent=1410"}],"curies":[{"name":"wp","href":"https:\/\/api.w.org\/{rel}","templated":true}]}}